{"id":20,"date":"2019-09-09T23:43:28","date_gmt":"2019-09-09T21:43:28","guid":{"rendered":"http:\/\/azubicard-relaunch-2.cweb3.rdts.de\/trier\/?page_id=20"},"modified":"2021-01-06T09:35:25","modified_gmt":"2021-01-06T08:35:25","slug":"ueber-azubicard","status":"publish","type":"page","link":"https:\/\/www.azubicard.de\/mittlerer-niederrhein\/ueber-azubicard\/","title":{"rendered":"\u00dcber AzubiCard"},"content":{"rendered":"<div class=\"wpb-content-wrapper\"><p>[vc_row css_animation=&#8220;&#8220; row_type=&#8220;row&#8220; use_row_as_full_screen_section=&#8220;no&#8220; type=&#8220;grid&#8220; angled_section=&#8220;no&#8220; text_align=&#8220;left&#8220; background_image_as_pattern=&#8220;without_pattern&#8220; z_index=&#8220;&#8220; el_class=&#8220;custom-section custom-section-09 equalHeight&#8220;][vc_column width=&#8220;1\/2&#8243;][vc_single_image image=&#8220;4867&#8243; img_size=&#8220;full&#8220; qode_css_animation=&#8220;&#8220;][\/vc_column][vc_column width=&#8220;1\/2&#8243; css=&#8220;.vc_custom_1569504633260{padding-right: 0px !important;padding-left: 0px !important;}&#8220;][vc_column_text css=&#8220;.vc_custom_1600173605770{padding-right: 0px !important;padding-left: 0px !important;}&#8220;]<\/p>\n<h2>Die AzubiCard<\/h2>\n<p><strong>Du musst nichts tun, um mit der AzubiCard deinen Ausweis f\u00fcr die Ausbildung zu bekommen. Du erh\u00e4ltst die AzubiCard automatisch von uns. Voraussetzung ist nur, dass dein Vertrag bei der zust\u00e4ndigen Kammer (IHK oder HWK) eingegangen und eingetragen ist. Die AzubiCard erh\u00e4ltst du fr\u00fchestens nach dem tats\u00e4chlichen Beginn deiner Ausbildung.<\/strong><\/p>\n<p>Mit der AzubiCard kannst du dann an vielen Stellen in der Region kr\u00e4ftig sparen. Dein neuer Ausweis kann aber noch viel mehr.<\/p>\n<p><a class=\"buttonLink\" href=\"#mehr-erfahren\">Mehr erfahren <i class=\"fa fa-arrow-down\"><\/i><\/a>[\/vc_column_text][\/vc_column][\/vc_row][vc_row css_animation=&#8220;&#8220; row_type=&#8220;row&#8220; use_row_as_full_screen_section=&#8220;no&#8220; type=&#8220;grid&#8220; angled_section=&#8220;no&#8220; text_align=&#8220;left&#8220; background_image_as_pattern=&#8220;without_pattern&#8220; padding_top=&#8220;100&#8243; padding_bottom=&#8220;100&#8243; el_id=&#8220;mehr-erfahren&#8220; z_index=&#8220;&#8220;][vc_column][vc_column_text]<\/p>\n<h3>Was noch?<\/h3>\n<p>[\/vc_column_text][vc_empty_space height=&#8220;24px&#8220;][vc_column_text el_class=&#8220;is-column justifyText&#8220;]Dir ist vielleicht schon einmal der QR-Code auf der Karten-Vorderseite aufgefallen? M\u00f6chtest du ein Angebot nutzen, kann ein Unternehmen den Code mit jedem Smartphone oder Tablett einscannen und auf der dann angezeigten Seite sofort feststellen, ob es sich tats\u00e4chlich um eine g\u00fcltige Karte handelt und ob du auch wirklich Azubis bist. Das erspart dir l\u00e4stige Wege, um dir deinen Ausbildungsstatus von deinem Betrieb oder deiner IHK bescheinigen zu lassen.<\/p>\n<p>Aber auch f\u00fcr dich lohnt es sich, deinen pers\u00f6nlichen QR-Code einzuscannen. Du findest dort n\u00e4mlich noch weitere Informationen, die dir den Alltag erleichtern. Aktuell findest du dort schon einen Bereich mit n\u00fctzlichen Informationen rund um deine Ausbildung. Deine Pr\u00fcfungstermine und deine Ansprechpartner bei der IHK hast du dar\u00fcber ebenfalls immer in deinem Geldbeutel mit dabei.<\/p>\n<p>Deine pers\u00f6nliche Seite erreichst du auch \u00fcber <a href=\"http:\/\/azubi.gfi.ihk.de\/\">azubi.gfi.ihk.de<\/a>. W\u00e4hle dort deine zust\u00e4ndige IHK aus und trage deine Identnummer ein. Diese findest du direkt auf deiner AzubiCard oder auf der Eintragungsbest\u00e4tigung zu deinem Ausbildungsvertrag.<\/p>\n<p>Das Angebot werden wir kontinuierlich f\u00fcr dich erweitern. Wenn du nichts verpassen m\u00f6chtest, halten wir dich per\u00a0<a href=\"http:\/\/www.instagram.com\/azubicard\" target=\"_blank\" rel=\"noopener noreferrer\">Instagram <\/a>auf dem Laufenden.[\/vc_column_text][\/vc_column][\/vc_row]<\/p>\n<\/div>","protected":false},"excerpt":{"rendered":"<p>[vc_row css_animation=&#8220;&#8220; row_type=&#8220;row&#8220; use_row_as_full_screen_section=&#8220;no&#8220; type=&#8220;grid&#8220; angled_section=&#8220;no&#8220; text_align=&#8220;left&#8220; background_image_as_pattern=&#8220;without_pattern&#8220; z_index=&#8220;&#8220; el_class=&#8220;custom-section custom-section-09 equalHeight&#8220;][vc_column width=&#8220;1\/2&#8243;][vc_single_image image=&#8220;4867&#8243; img_size=&#8220;full&#8220; qode_css_animation=&#8220;&#8220;][\/vc_column][vc_column width=&#8220;1\/2&#8243; css=&#8220;.vc_custom_1569504633260{padding-right: 0px !important;padding-left: 0px !important;}&#8220;][vc_column_text css=&#8220;.vc_custom_1600173605770{padding-right: 0px !important;padding-left: 0px !important;}&#8220;] Die AzubiCard Du musst nichts tun, um mit der AzubiCard deinen Ausweis f\u00fcr die Ausbildung zu bekommen. Du&#8230;<\/p>\n","protected":false},"author":1,"featured_media":0,"parent":0,"menu_order":5,"comment_status":"closed","ping_status":"closed","template":"full_width.php","meta":{"_acf_changed":false,"footnotes":""},"categories":[],"tags":[],"class_list":["post-20","page","type-page","status-publish","hentry"],"acf":[],"yoast_head":"<!-- This site is optimized with the Yoast SEO plugin v25.5 - https:\/\/yoast.com\/wordpress\/plugins\/seo\/ -->\n<title>\u00dcber AzubiCard - AzubiCard Mittlerer Niederrhein<\/title>\n<meta name=\"robots\" content=\"index, follow, max-snippet:-1, max-image-preview:large, max-video-preview:-1\" \/>\n<link rel=\"canonical\" href=\"https:\/\/www.azubicard.de\/mittlerer-niederrhein\/ueber-azubicard\/\" \/>\n<meta property=\"og:locale\" content=\"de_DE\" \/>\n<meta property=\"og:type\" content=\"article\" \/>\n<meta property=\"og:title\" content=\"\u00dcber AzubiCard - AzubiCard Mittlerer Niederrhein\" \/>\n<meta property=\"og:description\" content=\"[vc_row css_animation=&#8220;&#8220; row_type=&#8220;row&#8220; use_row_as_full_screen_section=&#8220;no&#8220; type=&#8220;grid&#8220; angled_section=&#8220;no&#8220; text_align=&#8220;left&#8220; background_image_as_pattern=&#8220;without_pattern&#8220; z_index=&#8220;&#8220; el_class=&#8220;custom-section custom-section-09 equalHeight&#8220;][vc_column width=&#8220;1\/2&#8243;][vc_single_image image=&#8220;4867&#8243; img_size=&#8220;full&#8220; qode_css_animation=&#8220;&#8220;][\/vc_column][vc_column width=&#8220;1\/2&#8243; css=&#8220;.vc_custom_1569504633260{padding-right: 0px !important;padding-left: 0px !important;}&#8220;][vc_column_text css=&#8220;.vc_custom_1600173605770{padding-right: 0px !important;padding-left: 0px !important;}&#8220;] Die AzubiCard Du musst nichts tun, um mit der AzubiCard deinen Ausweis f\u00fcr die Ausbildung zu bekommen. Du...\" \/>\n<meta property=\"og:url\" content=\"https:\/\/www.azubicard.de\/mittlerer-niederrhein\/ueber-azubicard\/\" \/>\n<meta property=\"og:site_name\" content=\"AzubiCard Mittlerer Niederrhein\" \/>\n<meta property=\"article:modified_time\" content=\"2021-01-06T08:35:25+00:00\" \/>\n<meta name=\"twitter:card\" content=\"summary_large_image\" \/>\n<meta name=\"twitter:label1\" content=\"Gesch\u00e4tzte Lesezeit\" \/>\n\t<meta name=\"twitter:data1\" content=\"2\u00a0Minuten\" \/>\n<script type=\"application\/ld+json\" class=\"yoast-schema-graph\">{\"@context\":\"https:\/\/schema.org\",\"@graph\":[{\"@type\":\"WebPage\",\"@id\":\"https:\/\/www.azubicard.de\/mittlerer-niederrhein\/ueber-azubicard\/\",\"url\":\"https:\/\/www.azubicard.de\/mittlerer-niederrhein\/ueber-azubicard\/\",\"name\":\"\u00dcber AzubiCard - AzubiCard Mittlerer Niederrhein\",\"isPartOf\":{\"@id\":\"https:\/\/www.azubicard.de\/mittlerer-niederrhein\/#website\"},\"datePublished\":\"2019-09-09T21:43:28+00:00\",\"dateModified\":\"2021-01-06T08:35:25+00:00\",\"breadcrumb\":{\"@id\":\"https:\/\/www.azubicard.de\/mittlerer-niederrhein\/ueber-azubicard\/#breadcrumb\"},\"inLanguage\":\"de\",\"potentialAction\":[{\"@type\":\"ReadAction\",\"target\":[\"https:\/\/www.azubicard.de\/mittlerer-niederrhein\/ueber-azubicard\/\"]}]},{\"@type\":\"BreadcrumbList\",\"@id\":\"https:\/\/www.azubicard.de\/mittlerer-niederrhein\/ueber-azubicard\/#breadcrumb\",\"itemListElement\":[{\"@type\":\"ListItem\",\"position\":1,\"name\":\"Startseite\",\"item\":\"https:\/\/www.azubicard.de\/mittlerer-niederrhein\/\"},{\"@type\":\"ListItem\",\"position\":2,\"name\":\"\u00dcber AzubiCard\"}]},{\"@type\":\"WebSite\",\"@id\":\"https:\/\/www.azubicard.de\/mittlerer-niederrhein\/#website\",\"url\":\"https:\/\/www.azubicard.de\/mittlerer-niederrhein\/\",\"name\":\"AzubiCard Mittlerer Niederrhein\",\"description\":\"Eine weitere AzubiCard Website\",\"potentialAction\":[{\"@type\":\"SearchAction\",\"target\":{\"@type\":\"EntryPoint\",\"urlTemplate\":\"https:\/\/www.azubicard.de\/mittlerer-niederrhein\/?s={search_term_string}\"},\"query-input\":{\"@type\":\"PropertyValueSpecification\",\"valueRequired\":true,\"valueName\":\"search_term_string\"}}],\"inLanguage\":\"de\"}]}<\/script>\n<!-- \/ Yoast SEO plugin. -->","yoast_head_json":{"title":"\u00dcber AzubiCard - AzubiCard Mittlerer Niederrhein","robots":{"index":"index","follow":"follow","max-snippet":"max-snippet:-1","max-image-preview":"max-image-preview:large","max-video-preview":"max-video-preview:-1"},"canonical":"https:\/\/www.azubicard.de\/mittlerer-niederrhein\/ueber-azubicard\/","og_locale":"de_DE","og_type":"article","og_title":"\u00dcber AzubiCard - AzubiCard Mittlerer Niederrhein","og_description":"[vc_row css_animation=&#8220;&#8220; row_type=&#8220;row&#8220; use_row_as_full_screen_section=&#8220;no&#8220; type=&#8220;grid&#8220; angled_section=&#8220;no&#8220; text_align=&#8220;left&#8220; background_image_as_pattern=&#8220;without_pattern&#8220; z_index=&#8220;&#8220; el_class=&#8220;custom-section custom-section-09 equalHeight&#8220;][vc_column width=&#8220;1\/2&#8243;][vc_single_image image=&#8220;4867&#8243; img_size=&#8220;full&#8220; qode_css_animation=&#8220;&#8220;][\/vc_column][vc_column width=&#8220;1\/2&#8243; css=&#8220;.vc_custom_1569504633260{padding-right: 0px !important;padding-left: 0px !important;}&#8220;][vc_column_text css=&#8220;.vc_custom_1600173605770{padding-right: 0px !important;padding-left: 0px !important;}&#8220;] Die AzubiCard Du musst nichts tun, um mit der AzubiCard deinen Ausweis f\u00fcr die Ausbildung zu bekommen. Du...","og_url":"https:\/\/www.azubicard.de\/mittlerer-niederrhein\/ueber-azubicard\/","og_site_name":"AzubiCard Mittlerer Niederrhein","article_modified_time":"2021-01-06T08:35:25+00:00","twitter_card":"summary_large_image","twitter_misc":{"Gesch\u00e4tzte Lesezeit":"2\u00a0Minuten"},"schema":{"@context":"https:\/\/schema.org","@graph":[{"@type":"WebPage","@id":"https:\/\/www.azubicard.de\/mittlerer-niederrhein\/ueber-azubicard\/","url":"https:\/\/www.azubicard.de\/mittlerer-niederrhein\/ueber-azubicard\/","name":"\u00dcber AzubiCard - AzubiCard Mittlerer Niederrhein","isPartOf":{"@id":"https:\/\/www.azubicard.de\/mittlerer-niederrhein\/#website"},"datePublished":"2019-09-09T21:43:28+00:00","dateModified":"2021-01-06T08:35:25+00:00","breadcrumb":{"@id":"https:\/\/www.azubicard.de\/mittlerer-niederrhein\/ueber-azubicard\/#breadcrumb"},"inLanguage":"de","potentialAction":[{"@type":"ReadAction","target":["https:\/\/www.azubicard.de\/mittlerer-niederrhein\/ueber-azubicard\/"]}]},{"@type":"BreadcrumbList","@id":"https:\/\/www.azubicard.de\/mittlerer-niederrhein\/ueber-azubicard\/#breadcrumb","itemListElement":[{"@type":"ListItem","position":1,"name":"Startseite","item":"https:\/\/www.azubicard.de\/mittlerer-niederrhein\/"},{"@type":"ListItem","position":2,"name":"\u00dcber AzubiCard"}]},{"@type":"WebSite","@id":"https:\/\/www.azubicard.de\/mittlerer-niederrhein\/#website","url":"https:\/\/www.azubicard.de\/mittlerer-niederrhein\/","name":"AzubiCard Mittlerer Niederrhein","description":"Eine weitere AzubiCard Website","potentialAction":[{"@type":"SearchAction","target":{"@type":"EntryPoint","urlTemplate":"https:\/\/www.azubicard.de\/mittlerer-niederrhein\/?s={search_term_string}"},"query-input":{"@type":"PropertyValueSpecification","valueRequired":true,"valueName":"search_term_string"}}],"inLanguage":"de"}]}},"publishpress_future_action":{"enabled":false,"date":"2026-04-14 18:11:53","action":"change-status","newStatus":"draft","terms":[],"taxonomy":"category","extraData":[]},"publishpress_future_workflow_manual_trigger":{"enabledWorkflows":[]},"_links":{"self":[{"href":"https:\/\/www.azubicard.de\/mittlerer-niederrhein\/wp-json\/wp\/v2\/pages\/20","targetHints":{"allow":["GET"]}}],"collection":[{"href":"https:\/\/www.azubicard.de\/mittlerer-niederrhein\/wp-json\/wp\/v2\/pages"}],"about":[{"href":"https:\/\/www.azubicard.de\/mittlerer-niederrhein\/wp-json\/wp\/v2\/types\/page"}],"author":[{"embeddable":true,"href":"https:\/\/www.azubicard.de\/mittlerer-niederrhein\/wp-json\/wp\/v2\/users\/1"}],"replies":[{"embeddable":true,"href":"https:\/\/www.azubicard.de\/mittlerer-niederrhein\/wp-json\/wp\/v2\/comments?post=20"}],"version-history":[{"count":0,"href":"https:\/\/www.azubicard.de\/mittlerer-niederrhein\/wp-json\/wp\/v2\/pages\/20\/revisions"}],"wp:attachment":[{"href":"https:\/\/www.azubicard.de\/mittlerer-niederrhein\/wp-json\/wp\/v2\/media?parent=20"}],"wp:term":[{"taxonomy":"category","embeddable":true,"href":"https:\/\/www.azubicard.de\/mittlerer-niederrhein\/wp-json\/wp\/v2\/categories?post=20"},{"taxonomy":"post_tag","embeddable":true,"href":"https:\/\/www.azubicard.de\/mittlerer-niederrhein\/wp-json\/wp\/v2\/tags?post=20"}],"curies":[{"name":"wp","href":"https:\/\/api.w.org\/{rel}","templated":true}]}}