{"id":27,"date":"2019-09-09T23:45:19","date_gmt":"2019-09-09T21:45:19","guid":{"rendered":"http:\/\/azubicard-relaunch-2.cweb3.rdts.de\/trier\/?page_id=27"},"modified":"2023-07-13T10:25:45","modified_gmt":"2023-07-13T08:25:45","slug":"impressum-ihk","status":"publish","type":"page","link":"https:\/\/www.azubicard.de\/stuttgart\/impressum-ihk\/","title":{"rendered":"Impressum IHK"},"content":{"rendered":"<div class=\"wpb-content-wrapper\"><p>[vc_row css_animation=&#8220;&#8220; row_type=&#8220;row&#8220; use_row_as_full_screen_section=&#8220;no&#8220; type=&#8220;grid&#8220; angled_section=&#8220;no&#8220; text_align=&#8220;left&#8220; background_image_as_pattern=&#8220;without_pattern&#8220; padding_top=&#8220;100&#8243; padding_bottom=&#8220;100&#8243; z_index=&#8220;&#8220;][vc_column][vc_column_text]<\/p>\n<h1>Impressum<\/h1>\n<p><strong>Herausgeber<\/strong><\/p>\n<p>Industrie- und Handelskammer (IHK) Region Stuttgart<br \/>\nJ\u00e4gerstra\u00dfe 30<br \/>\n70174 Stuttgart<\/p>\n<p>Telefon 0711 2005-0<br \/>\nTelefax 0711 2005-1354<br \/>\nE-Mail <a href=\"mailto:info@stuttgart.ihk.de\">info@stuttgart.ihk.de<\/a><\/p>\n<p><strong>Ansprechpartner Internet-Redaktion<\/strong><br \/>\nLisa Spanninger<br \/>\nLeiterin Kommunikation, Marketing, Events und Services<\/p>\n<p>Telefon 0711 2005-0<br \/>\nE-Mail <a href=\"mailto:presse@stuttgart.ihk.de\">presse@stuttgart.ihk.de<\/a><\/p>\n<p><strong>Vertretungsberechtigte<\/strong><br \/>\nGem\u00e4\u00df \u00a7 7 Abs. 2 Gesetz zur vorl\u00e4ufigen Regelung des Rechts der Industrie- und Handelskammern (IHKG) in Verbindung mit \u00a7 10 Abs. 1 der Satzung der IHK Region Stuttgart vertreten der Pr\u00e4sident und der Hauptgesch\u00e4ftsf\u00fchrer die IHK rechtsgesch\u00e4ftlich und gerichtlich. F\u00fcr die Gesch\u00e4fte der laufenden Verwaltung ist der Hauptgesch\u00e4ftsf\u00fchrer allein vertretungsberechtigt (\u00a7 10 Abs. 3 Satzung der IHK Region Stuttgart).<\/p>\n<p><strong>Verantwortlich i.S.v. \u00a7 18 Abs. 2 MStV<\/strong><br \/>\nIndustrie- und Handelskammer (IHK) Region Stuttgart<br \/>\nJ\u00e4gerstra\u00dfe 30<br \/>\n70174 Stuttgart<\/p>\n<p>Franziska Stavenhagen<br \/>\nLeiterin Pressestelle<br \/>\nTelefon 0711 2005-0<br \/>\nE-Mail<a href=\"mailto:presse@stuttgart.ihk.de\"> presse@stuttgart.ihk.de<\/a><\/p>\n<p><strong>Pr\u00e4sident<\/strong><\/p>\n<p>Claus Paal<br \/>\nJ\u00e4gerstra\u00dfe 30<br \/>\n70174 Stuttgart<\/p>\n<p>Telefon 0711 2005-0<br \/>\nTelefax 0711 2005-1319<br \/>\nE-Mail <a href=\"mailto:leitung@stuttgart.ihk.de\">leitung@stuttgart.ihk.de<\/a><\/p>\n<p><strong>Hauptgesch\u00e4ftsf\u00fchrerin<\/strong><br \/>\nDr. Susanne Herre<br \/>\nJ\u00e4gerstra\u00dfe 30<br \/>\n70174 Stuttgart<\/p>\n<p>Telefon 0711 2005-0<br \/>\nTelefax 0711 2005-1319<br \/>\nE-Mail <a href=\"mailto:leitung@stuttgart.ihk.de\">leitung@stuttgart.ihk.de<\/a><\/p>\n<p>F\u00fcr die von den Bezirkskammern wahrgenommenen laufenden Gesch\u00e4fte sind die leitenden Gesch\u00e4ftsf\u00fchrer der Bezirkskammern allein vertretungsberechtigt (\u00a7 8 Abs. 2 Satzung der IHK Region Stuttgart).<\/p>\n<p><strong>Bezirkskammer B\u00f6blingen<\/strong><\/p>\n<p>Marion Oker<br \/>\nSteinbeisstra\u00dfe 11<br \/>\n71034 B\u00f6blingen<br \/>\nTelefon 07031 6201-8220<br \/>\nTelefax 07031 6201-8260<br \/>\nE-Mail <a href=\"mailto:marion.oker@stuttgart.ihk.de\">marion.oker@stuttgart.ihk.de<\/a><\/p>\n<p><strong>Bezirkskammer Esslingen-N\u00fcrtingen<\/strong><br \/>\nChristoph Nold<br \/>\nFabrikstra\u00dfe 1<br \/>\n73728 Esslingen<br \/>\nTelefon 0711 39007-8320<br \/>\nTelefax 0711 39007-8348<br \/>\nE-Mail <a href=\"mailto:christoph.nold@stuttgart.ihk.de\">christoph.nold@stuttgart.ihk.de<\/a><\/p>\n<p><strong>Gesch\u00e4ftsstelle N\u00fcrtingen<\/strong><br \/>\nM\u00fchlstra\u00dfe 4<br \/>\n72622 N\u00fcrtingen<br \/>\nTelefon 07022 3008-0<br \/>\nTelefax 07022 3008-8630<\/p>\n<p><strong>Bezirkskammer G\u00f6ppingen<\/strong><br \/>\nGernot Imgart<br \/>\nJahnstra\u00dfe 36<br \/>\n73037 G\u00f6ppingen<br \/>\nTelefon 07161 6715-8411<br \/>\nTelefax 07161 6715-8412<br \/>\nE-Mail <a href=\"mailto:gernot.imgart@stuttgart.ihk.de\">gernot.imgart@stuttgart.ihk.de<\/a><\/p>\n<p><strong>Bezirkskammer Ludwigsburg<\/strong><br \/>\nSigrid Zimmerling<br \/>\nKurf\u00fcrstenstra\u00dfe 4<br \/>\n71636 Ludwigsburg<br \/>\nTelefon 07141 122-1000<br \/>\nTelefax 07141 122-1036<br \/>\nE-Mail <a href=\"mailto:sigrid.zimmerling@stuttgart.ihk.de\">sigrid.zimmerling@stuttgart.ihk.de<\/a><\/p>\n<p><strong>Bezirkskammer Rems-Murr<\/strong><br \/>\nMarkus Beier<br \/>\nKappelbergstra\u00dfe 1<br \/>\n71332 Waiblingen<br \/>\nTelefon 07151 95969-0<br \/>\nTelefax 07151 95969-8787<br \/>\nE-Mail <a href=\"mailto:markus.beier@stuttgart.ihk.de\">markus.beier@stuttgart.ihk.de<\/a><\/p>\n<p>Umsatzsteueridentifikationsnummer: DE147794338<br \/>\nIBAN: DE11 6005 0101 0001 3225 50<br \/>\nBIC: SOLADEST600<\/p>\n<p><strong>Aufsichtsbeh\u00f6rde<\/strong><br \/>\nZust\u00e4ndige Aufsichtsbeh\u00f6rde ist gem\u00e4\u00df \u00a7 11 Abs. 1 IHKG in Verbindung mit \u00a7 2 Abs. 1 des Gesetzes \u00fcber die Industrie- und Handelskammern in Baden-W\u00fcrttemberg das Ministerium f\u00fcr Wirtschaft, Arbeit und Wohnungsbau Baden-W\u00fcrttemberg.Ministerium f\u00fcr Wirtschaft, Arbeit und Wohnungsbau Baden-W\u00fcrttemberg<br \/>\nSchlossplatz 4 (Neues Schloss)<br \/>\n70173 Stuttgart<br \/>\nTelefon: 0711 123-0<br \/>\nE-Mail <a href=\"mailto:poststelle@wm.bwl.de\">poststelle@wm.bwl.de<\/a><br \/>\nDie IHK Region Stuttgart ist eine K\u00f6rperschaft des \u00f6ffentlichen Rechts gem\u00e4\u00df \u00a7 3 Abs. 1 IHKG.<\/p>\n<p><strong>Weitere Informationen<\/strong><br \/>\nOnline-Streitbeilegung gem\u00e4\u00df Art. 14 Abs. 1 ODR-VO: Die Europ\u00e4ische Kommission stellt eine Plattform zur Online-Streitbeilegung (OS) bereit, die Sie unter <a href=\"https:\/\/ec.europa.eu\/consumers\/odr\/\">https:\/\/ec.europa.eu\/consumers\/odr\/<\/a> finden.<br \/>\nHinweis nach \u00a7 36 Verbraucherstreitbeilegungsgesetz (VSBG): Zur Teilnahme an einem Streitbeilegungsverfahren vor einer Verbraucherschlichtungsstelle ist die IHK Region Stuttgart nicht verpflichtet und nicht bereit.<\/p>\n<p><strong>Design und Entwicklung von<\/strong><br \/>\n<a href=\"http:\/\/www.newmedialabs.de\">new media labs \u2013 Die Werbeagentur in Wittlich<\/a>[\/vc_column_text][\/vc_column][\/vc_row]<\/p>\n<\/div>","protected":false},"excerpt":{"rendered":"<p>[vc_row css_animation=&#8220;&#8220; row_type=&#8220;row&#8220; use_row_as_full_screen_section=&#8220;no&#8220; type=&#8220;grid&#8220; angled_section=&#8220;no&#8220; text_align=&#8220;left&#8220; background_image_as_pattern=&#8220;without_pattern&#8220; padding_top=&#8220;100&#8243; padding_bottom=&#8220;100&#8243; z_index=&#8220;&#8220;][vc_column][vc_column_text] Impressum Herausgeber Industrie- und Handelskammer (IHK) Region Stuttgart J\u00e4gerstra\u00dfe 30 70174 Stuttgart Telefon 0711 2005-0 Telefax 0711 2005-1354 E-Mail info@stuttgart.ihk.de Ansprechpartner Internet-Redaktion Lisa Spanninger Leiterin Kommunikation, Marketing, Events und Services Telefon 0711 2005-0 E-Mail&#8230;<\/p>\n","protected":false},"author":1,"featured_media":0,"parent":0,"menu_order":100,"comment_status":"closed","ping_status":"closed","template":"full_width.php","meta":{"_acf_changed":false,"footnotes":""},"categories":[],"tags":[],"class_list":["post-27","page","type-page","status-publish","hentry"],"acf":[],"yoast_head":"<!-- This site is optimized with the Yoast SEO plugin v25.5 - https:\/\/yoast.com\/wordpress\/plugins\/seo\/ -->\n<title>Impressum IHK - AzubiCard Stuttgart<\/title>\n<meta name=\"robots\" content=\"index, follow, max-snippet:-1, max-image-preview:large, max-video-preview:-1\" \/>\n<link rel=\"canonical\" href=\"https:\/\/www.azubicard.de\/stuttgart\/impressum-ihk\/\" \/>\n<meta property=\"og:locale\" content=\"de_DE\" \/>\n<meta property=\"og:type\" content=\"article\" \/>\n<meta property=\"og:title\" content=\"Impressum IHK - AzubiCard Stuttgart\" \/>\n<meta property=\"og:description\" content=\"[vc_row css_animation=&#8220;&#8220; row_type=&#8220;row&#8220; use_row_as_full_screen_section=&#8220;no&#8220; type=&#8220;grid&#8220; angled_section=&#8220;no&#8220; text_align=&#8220;left&#8220; background_image_as_pattern=&#8220;without_pattern&#8220; padding_top=&#8220;100&#8243; padding_bottom=&#8220;100&#8243; z_index=&#8220;&#8220;][vc_column][vc_column_text] Impressum Herausgeber Industrie- und Handelskammer (IHK) Region Stuttgart J\u00e4gerstra\u00dfe 30 70174 Stuttgart Telefon 0711 2005-0 Telefax 0711 2005-1354 E-Mail info@stuttgart.ihk.de Ansprechpartner Internet-Redaktion Lisa Spanninger Leiterin Kommunikation, Marketing, Events und Services Telefon 0711 2005-0 E-Mail...\" \/>\n<meta property=\"og:url\" content=\"https:\/\/www.azubicard.de\/stuttgart\/impressum-ihk\/\" \/>\n<meta property=\"og:site_name\" content=\"AzubiCard Stuttgart\" \/>\n<meta property=\"article:modified_time\" content=\"2023-07-13T08:25:45+00:00\" \/>\n<meta name=\"twitter:card\" content=\"summary_large_image\" \/>\n<meta name=\"twitter:label1\" content=\"Gesch\u00e4tzte Lesezeit\" \/>\n\t<meta name=\"twitter:data1\" content=\"3\u00a0Minuten\" \/>\n<script type=\"application\/ld+json\" class=\"yoast-schema-graph\">{\"@context\":\"https:\/\/schema.org\",\"@graph\":[{\"@type\":\"WebPage\",\"@id\":\"https:\/\/www.azubicard.de\/stuttgart\/impressum-ihk\/\",\"url\":\"https:\/\/www.azubicard.de\/stuttgart\/impressum-ihk\/\",\"name\":\"Impressum IHK - AzubiCard Stuttgart\",\"isPartOf\":{\"@id\":\"https:\/\/www.azubicard.de\/stuttgart\/#website\"},\"datePublished\":\"2019-09-09T21:45:19+00:00\",\"dateModified\":\"2023-07-13T08:25:45+00:00\",\"breadcrumb\":{\"@id\":\"https:\/\/www.azubicard.de\/stuttgart\/impressum-ihk\/#breadcrumb\"},\"inLanguage\":\"de\",\"potentialAction\":[{\"@type\":\"ReadAction\",\"target\":[\"https:\/\/www.azubicard.de\/stuttgart\/impressum-ihk\/\"]}]},{\"@type\":\"BreadcrumbList\",\"@id\":\"https:\/\/www.azubicard.de\/stuttgart\/impressum-ihk\/#breadcrumb\",\"itemListElement\":[{\"@type\":\"ListItem\",\"position\":1,\"name\":\"Startseite\",\"item\":\"https:\/\/www.azubicard.de\/stuttgart\/\"},{\"@type\":\"ListItem\",\"position\":2,\"name\":\"Impressum IHK\"}]},{\"@type\":\"WebSite\",\"@id\":\"https:\/\/www.azubicard.de\/stuttgart\/#website\",\"url\":\"https:\/\/www.azubicard.de\/stuttgart\/\",\"name\":\"AzubiCard Stuttgart\",\"description\":\"Eine weitere AzubiCard Website\",\"potentialAction\":[{\"@type\":\"SearchAction\",\"target\":{\"@type\":\"EntryPoint\",\"urlTemplate\":\"https:\/\/www.azubicard.de\/stuttgart\/?s={search_term_string}\"},\"query-input\":{\"@type\":\"PropertyValueSpecification\",\"valueRequired\":true,\"valueName\":\"search_term_string\"}}],\"inLanguage\":\"de\"}]}<\/script>\n<!-- \/ Yoast SEO plugin. -->","yoast_head_json":{"title":"Impressum IHK - AzubiCard Stuttgart","robots":{"index":"index","follow":"follow","max-snippet":"max-snippet:-1","max-image-preview":"max-image-preview:large","max-video-preview":"max-video-preview:-1"},"canonical":"https:\/\/www.azubicard.de\/stuttgart\/impressum-ihk\/","og_locale":"de_DE","og_type":"article","og_title":"Impressum IHK - AzubiCard Stuttgart","og_description":"[vc_row css_animation=&#8220;&#8220; row_type=&#8220;row&#8220; use_row_as_full_screen_section=&#8220;no&#8220; type=&#8220;grid&#8220; angled_section=&#8220;no&#8220; text_align=&#8220;left&#8220; background_image_as_pattern=&#8220;without_pattern&#8220; padding_top=&#8220;100&#8243; padding_bottom=&#8220;100&#8243; z_index=&#8220;&#8220;][vc_column][vc_column_text] Impressum Herausgeber Industrie- und Handelskammer (IHK) Region Stuttgart J\u00e4gerstra\u00dfe 30 70174 Stuttgart Telefon 0711 2005-0 Telefax 0711 2005-1354 E-Mail info@stuttgart.ihk.de Ansprechpartner Internet-Redaktion Lisa Spanninger Leiterin Kommunikation, Marketing, Events und Services Telefon 0711 2005-0 E-Mail...","og_url":"https:\/\/www.azubicard.de\/stuttgart\/impressum-ihk\/","og_site_name":"AzubiCard Stuttgart","article_modified_time":"2023-07-13T08:25:45+00:00","twitter_card":"summary_large_image","twitter_misc":{"Gesch\u00e4tzte Lesezeit":"3\u00a0Minuten"},"schema":{"@context":"https:\/\/schema.org","@graph":[{"@type":"WebPage","@id":"https:\/\/www.azubicard.de\/stuttgart\/impressum-ihk\/","url":"https:\/\/www.azubicard.de\/stuttgart\/impressum-ihk\/","name":"Impressum IHK - AzubiCard Stuttgart","isPartOf":{"@id":"https:\/\/www.azubicard.de\/stuttgart\/#website"},"datePublished":"2019-09-09T21:45:19+00:00","dateModified":"2023-07-13T08:25:45+00:00","breadcrumb":{"@id":"https:\/\/www.azubicard.de\/stuttgart\/impressum-ihk\/#breadcrumb"},"inLanguage":"de","potentialAction":[{"@type":"ReadAction","target":["https:\/\/www.azubicard.de\/stuttgart\/impressum-ihk\/"]}]},{"@type":"BreadcrumbList","@id":"https:\/\/www.azubicard.de\/stuttgart\/impressum-ihk\/#breadcrumb","itemListElement":[{"@type":"ListItem","position":1,"name":"Startseite","item":"https:\/\/www.azubicard.de\/stuttgart\/"},{"@type":"ListItem","position":2,"name":"Impressum IHK"}]},{"@type":"WebSite","@id":"https:\/\/www.azubicard.de\/stuttgart\/#website","url":"https:\/\/www.azubicard.de\/stuttgart\/","name":"AzubiCard Stuttgart","description":"Eine weitere AzubiCard Website","potentialAction":[{"@type":"SearchAction","target":{"@type":"EntryPoint","urlTemplate":"https:\/\/www.azubicard.de\/stuttgart\/?s={search_term_string}"},"query-input":{"@type":"PropertyValueSpecification","valueRequired":true,"valueName":"search_term_string"}}],"inLanguage":"de"}]}},"publishpress_future_action":{"enabled":false,"date":"2026-05-02 14:55:51","action":"change-status","newStatus":"draft","terms":[],"taxonomy":"category","extraData":[]},"publishpress_future_workflow_manual_trigger":{"enabledWorkflows":[]},"_links":{"self":[{"href":"https:\/\/www.azubicard.de\/stuttgart\/wp-json\/wp\/v2\/pages\/27","targetHints":{"allow":["GET"]}}],"collection":[{"href":"https:\/\/www.azubicard.de\/stuttgart\/wp-json\/wp\/v2\/pages"}],"about":[{"href":"https:\/\/www.azubicard.de\/stuttgart\/wp-json\/wp\/v2\/types\/page"}],"author":[{"embeddable":true,"href":"https:\/\/www.azubicard.de\/stuttgart\/wp-json\/wp\/v2\/users\/1"}],"replies":[{"embeddable":true,"href":"https:\/\/www.azubicard.de\/stuttgart\/wp-json\/wp\/v2\/comments?post=27"}],"version-history":[{"count":9,"href":"https:\/\/www.azubicard.de\/stuttgart\/wp-json\/wp\/v2\/pages\/27\/revisions"}],"predecessor-version":[{"id":15763,"href":"https:\/\/www.azubicard.de\/stuttgart\/wp-json\/wp\/v2\/pages\/27\/revisions\/15763"}],"wp:attachment":[{"href":"https:\/\/www.azubicard.de\/stuttgart\/wp-json\/wp\/v2\/media?parent=27"}],"wp:term":[{"taxonomy":"category","embeddable":true,"href":"https:\/\/www.azubicard.de\/stuttgart\/wp-json\/wp\/v2\/categories?post=27"},{"taxonomy":"post_tag","embeddable":true,"href":"https:\/\/www.azubicard.de\/stuttgart\/wp-json\/wp\/v2\/tags?post=27"}],"curies":[{"name":"wp","href":"https:\/\/api.w.org\/{rel}","templated":true}]}}